- 3*l = -t*y - 13. Suppose 5 = y*g - 15. What is the highest common divisor of g and 10?
10
Let r be (-75)/3*2/(-5). Suppose 6*u + 6239*t - 82 = 6241*t, 0 = 4*u - t - 51. Calculate the highest common divisor of r and u.
10
Let f(q) = 26*q - 901. Let u be f(35). What is the highest common divisor of u and 366?
3
Let n = -158 - -164. Let m be (165/44)/(4/128*n). What is the greatest common divisor of 15 and m?
5
Suppose o - 4*k = -14, 4*o = -3*k + 2*k + 29. Suppose 9 = -o*g + 75. What is the highest common divisor of g and 484?
11
Suppose -15*y + 48608 = -124898 + 15796. What is the greatest common divisor of y and 14?
14
Let t(y) = 44*y - 3299. Let v be t(78). Calculate the greatest common factor of 304 and v.
19
Let j = 759896 - 759379. Suppose -2*b + z - 352 = -6*b, 5*z - 455 = -5*b. Let i = b + -40. Calculate the greatest common divisor of i and j.
47
Suppose -c = 4*v - 8, 0*v = -c - v + 5. Suppose -10 = l - h, -5*h + 2*h - 54 = c*l. Let x be (-213)/l - (-2)/8. Calculate the greatest common factor of x and 3.
3
Let g(o) be the first derivative of 5*o**3/3 - 3*o**2 + 3*o + 1. Let x be g(-3). What is the highest common divisor of 154 and x?
22
Let k be 6006/(-104) - ((-5)/(-4) - 1). Let g = -11 - k. Suppose -s = -25 - g. What is the greatest common factor of 36 and s?
36
Let j = 5371 + -5051. What is the greatest common factor of 40 and j?
40
Let t(m) = 323*m - 17. Let h be t(1). Let g be 4/(-34) - (-24822)/h. Calculate the greatest common factor of g and 18.
9
Let z = 238 + -192. Suppose -6*r + 2*a + 96 = -r, 0 = 2*r + 3*a - z. What is the greatest common factor of 130 and r?
10
Suppose -8*p + 57377 - 57097 = 0. Calculate the highest common divisor of p and 9695.
35
Suppose 3*h + o = 5*o + 29, -3*h - 5*o = -65. Suppose 371 = 21*p - 49. Suppose 0*w - 60 = -p*w. Calculate the highest common factor of h and w.
3
Suppose -2*y = -3*s + 16, 6*s + 18 = 5*s - 4*y. Let n(b) = -24 - 18 + 2*b**2 + s + 11*b - 2. Let i be n(12). Calculate the highest common factor of 54 and i.
54
Let q be 496 - 15*108/(-81). Calculate the highest common divisor of q and 602.
86
Suppose 11*w = 10*w + 2*q + 139, -4*q = -4*w + 540. Let d = w - 122. What is the highest common factor of 6 and d?
3
Suppose 0 = -8150*v + 8136*v + 31486. What is the highest common divisor of v and 26?
13
Suppose 0 = -4*l - 123*v + 127*v + 220, -3*l - 2*v + 165 = 0. What is the greatest common factor of l and 1045?
55
Suppose 41*j = 43*j + l - 433, -430 = -2*j + 2*l. Calculate the greatest common divisor of j and 17496.
216
Suppose -8 = 2*r - 4*h - 6, -r + 5*h = 10. Suppose -v - v = 5*u + 340, v = -r*u - 160. Let q = -74 - v. Calculate the greatest common factor of q and 265.
53
Suppose 0 = -2*f - 2*l + 100, 2*f - 112 = -0*f + l. Suppose 0 = -3*u + u + f. Let i = 97 - u. What is the highest common factor of 105 and i?
35
Let n be (-14 - 1)*76/(-12)*-2. Let d = -111 - n. Suppose -d - 77 = -4*y. Calculate the greatest common divisor of 78 and y.
39
Let k(l) = l + 2. Let h(d) = 9*d + 12. Let i(b) = 5*h(b) - 30*k(b). Let z be i(5). What is the greatest common factor of 15 and z?
15
Suppose 0 = 4*v - 4*d - 2980, 9*v - 2*d = 12*v - 2235. Calculate the highest common factor of v and 4321.
149
Suppose 4*b - 8*b + 1 = -23. Calculate the highest common factor of b and 6054.
6
Let m(v) = 7*v**2 + 14*v - 63. Let r be m(-9). Calculate the greatest common factor of 70 and r.
14
Suppose 279*l = 36635 + 86033 + 102485. What is the greatest common divisor of l and 538?
269
Let l = 274 - 265. What is the greatest common divisor of 2853 and l?
9
Suppose 611 = 86*s - 39*s. Let o be ((-468)/8)/((-1)/2). Calculate the highest common divisor of o and s.
13
Let m = 0 + 2. Let q(t) = 3*t**2 + 22*t - 14. Let f be q(-9). Suppose 3*a + k = f + 22, -4*k = 4. What is the greatest common divisor of a and m?
2
Let w(o) = -2 - 5 - 18*o + o**3 + 1 + 17*o**2. Let m be w(-18). Let c = m + 46. What is the greatest common divisor of 5 and c?
5
Let w be (136 - 1) + (1 - 6). Let q = 148 - w. What is the greatest common divisor of q and 2?
2
Let l be (1 + -241)*(3 + 335/(-20)). Calculate the greatest common divisor of 231 and l.
33
Suppose -4*y + 2*s - s - 228 = 0, 3*y + s = -164. Let b = y - -60. Let z be (-28)/5*(-4 + -1). Calculate the greatest common factor of z and b.
4
Suppose -5*j - 3*d - 5 = 2*d, -4*j = 2*d - 6. Suppose 0 = -76*b + 80*b - j. Let s = -5 + 7. What is the highest common factor of s and b?
1
Let m be (-3032)/(-40) + 3 - 36/(-30). Calculate the highest common factor of 115 and m.
5
Let w(s) = -412*s - 820. Let i be w(-21). Calculate the highest common divisor of 88 and i.
88
Let s be 22 - 2/(3 - 1). Let f(h) = 41*h - 5550. Let y be f(141). Calculate the greatest common factor of y and s.
21
Suppose -4*u = -5*n - 281, 5*u + 687*n = 685*n + 310. What is the greatest common divisor of u and 11968?
64
Suppose 5*o - 2*p - 59 = -0*p, -2*o + 5*p = -11. Suppose 6*v + o - 1 = 0. Let h(q) = -19*q + 1. Let f be h(v). What is the greatest common factor of 26 and f?
13
Let q be 84/(-24) + (-5166)/(-4). Suppose a = q - 1284. Calculate the greatest common factor of a and 6.
2
Let m(o) = -14*o**2 - 2*o - 9*o**2 + 31*o**2 - 9*o**2 + 66. Let z be m(0). Calculate the highest common divisor of z and 12.
6
Let t(k) = -59*k + 177. Let v be t(3). Suppose 234*d - 228*d - 816 = v. What is the greatest common factor of d and 16?
8
Suppose -8*n + 138 = -7*n - z, -n = 4*z - 148. Let t(f) = -7*f**2 - 41*f + 10. Let b be t(-6). What is the highest common divisor of n and b?
4
Suppose -9*w + 18803 = -5749. What is the highest common divisor of 33 and w?
11
Suppose -r - 4*n - 75 = -200, 4*r + 3*n - 435 = 0. Let j be (27/15)/(124/600 + (-1)/6). What is the highest common divisor of j and r?
15
Let i = -2193 - -2838. What is the highest common factor of i and 15?
15
Let f(u) = u**3 + 17*u**2 - 19*u - 7. Let k be f(-17). Suppose -52 = 8*r - k. Calculate the greatest common divisor of r and 22.
11
Let j(q) = -64*q - 15. Let z be j(-6). Let g = z - 314. Calculate the greatest common divisor of 44 and g.
11
Let c be (-2116067)/(-35) - (-414)/(-7245). Calculate the highest common divisor of c and 21.
21
Let u = 17528 - 17378. Calculate the highest common divisor of u and 2000.
50
Suppose -142*f + 8420 + 3008 + 2772 = 0. Let m be (0 - 1)*350*-1. What is the greatest common divisor of f and m?
50
Let g = 119 + -63. Let y be (1/(-1))/(3*1/(-12)). Let l be 3 + y/(-8)*-2*4. Calculate the greatest common divisor of g and l.
7
Let a = -488 + 516. Suppose 0 = 43*s - a*s - 1050. Calculate the greatest common factor of 56 and s.
14
Suppose 5 = -2*y - 0*y + 3*b, 12 = 4*b. Suppose -y*z - 5*l + 89 = 0, 4*z - 108 = -0*z + 4*l. What is the highest common divisor of z and 1?
1
Let r be ((-560)/(-70))/(3/48). Calculate the greatest common factor of 512 and r.
128
Let o be (12870/351)/(2/54). What is the highest common divisor of o and 11?
11
Let c = 43 + -49. Suppose -4*j = 5*d - 18, 39 = 2*j + 3*j - 2*d. Let k = j + c. Calculate the greatest common factor of k and 4.
1
Let u = -776 + 2152. Let d = 1934 - u. What is the highest common divisor of 124 and d?
62
Let f = -6492 - -10319. What is the greatest common divisor of 86 and f?
43
Let a(k) = k**3 - 4*k**2 - k - 12. Let h = -14 - -19. Let z be a(h). Suppose 2*p = 5*o + 12, 0*o + z = 4*o. What is the greatest common divisor of 1 and p?
1
Let a = -16 + 17. Let n be (a/4 - 0)*44. Let b = 183 + -139. Calculate the greatest common factor of n and b.
11
Suppose -36*w + 2052 = -112*w + 11172. What is the highest common factor of w and 36?
12
Suppose 7*k - 6*k + 635 = 6*k. What is the highest common factor of k and 15?
1
Suppose -3*h = 2*g - 1388, -703 = -g - 85*h + 88*h. Calculate the greatest common factor of g and 85.
17
Suppose 24*u + 63*u - 2069 + 764 = 0. Calculate the greatest common divisor of 3645 and u.
15
Let u = 566 - 563. Suppose -a = 5*f - 386, f - 50 = -u*a + 16. Calculate the greatest common divisor of f and 507.
39
Let i = -1845 + 2091. Calculate the greatest common divisor of i and 1517.
41
Let w = -9376 - -13627. What is the highest common divisor of 117 and w?
39
Let y be (-6)/2 + 67413/23 + 16 + 0. What is the greatest common divisor of 46 and y?
46
Let g(h) = 6*h**2 + h + 1. Let x be g(-1). Let b = x -